?
630
Convert -1010110100111 (base 2) to base 12.
-325b
20022122 (base 3) to base 6
33155
-242 (base 12) to base 9
-415
Convert 11253 (base 9) to base 8.
16514
Convert 18681 (base 10) to base 8.
44371
What is -620 (base 16) in base 11?
-11a6
What is -15020 (base 7) in base 3?
-12122222
-23030 (base 4) to base 6
-3152
-241421 (base 5) to base 2
-10001100011010
32543 (base 6) to base 10
4527
What is 5514 (base 9) in base 13?
1b07
Convert -14424 (base 11) to base 14.
-7667
103510 (base 6) to base 7
34050
What is -ccc9 (base 13) in base 10?
-28557
Convert 2202 (base 3) to base 7.
134
What is -122857 (base 9) in base 12?
-37021
Convert -1012102 (base 3) to base 14.
-467
What is -3a903 (base 11) in base 14?
-17381
43225 (base 7) to base 9
15664
-204325 (base 6) to base 13
-76b5
55 (base 7) to base 14
2c
-12202012 (base 3) to base 8
-10136
What is 38 (base 10) in base 12?
32
-20100 (base 3) to base 13
-102
Convert -111410 (base 5) to base 14.
-1644
Convert -110000000000111 (base 2) to base 11.
-17519
Convert 111111000101 (base 2) to base 14.
1685
What is 354 (base 14) in base 15?
2e2
Convert -557 (base 10) to base 9.
-678
-28536 (base 10) to base 4
-12331320
Convert 3ab (base 16) to base 7.
2511
203400 (base 5) to base 15
1ed5
54c (base 16) to base 13
804
11b5 (base 15) to base 6
25242
-284 (base 9) to base 4
-3232
What is -14323 (base 5) in base 4?
-102331
What is 1551 (base 8) in base 9?
1170
What is -2668 (base 11) in base 16?
-d86
What is -12121002 (base 3) in base 14?
-16b5
Convert -140252 (base 6) to base 15.
-3d0e
40b (base 12) to base 15
292
What is 1401 (base 6) in base 3?
111101
Convert -1311042 (base 5) to base 11.
-183aa
What is -2607 (base 11) in base 9?
-4582
Convert -17130 (base 8) to base 14.
-2b8c
Convert -a4 (base 13) to base 10.
-134
Convert 46c5 (base 13) to base 3.
111200000
-20772 (base 8) to base 14
-3254
What is 10101001110 (base 2) in base 11?
1025
38282 (base 9) to base 14
9555
-111303 (base 4) to base 5
-21040
What is 22012211 (base 3) in base 9?
8184
-3fd8 (base 16) to base 4
-3333120
Convert -90c (base 16) to base 8.
-4414
Convert -526 (base 12) to base 8.
-1356
-562 (base 11) to base 12
-481
Convert -42130 (base 5) to base 2.
-101011100110
Convert 11541 (base 7) to base 2.
101111001010
Convert -1333131 (base 4) to base 2.
-1111111011101
-205 (base 8) to base 2
-10000101
Convert -a2b4 (base 12) to base 4.
-10110220
-9a3 (base 14) to base 15
-872
Convert -21151 (base 11) to base 13.
-11026
What is -53550 (base 8) in base 5?
-1204001
21370 (base 9) to base 16
374d
What is 1412 (base 6) in base 8?
560
What is -11220001 (base 3) in base 10?
-3565
-2001111012 (base 3) to base 14
-10a55
What is 474 (base 8) in base 2?
100111100
-217 (base 13) to base 5
-2413
49b (base 15) to base 16
416
What is -350 (base 11) in base 4?
-12202
Convert -2020 (base 12) to base 7.
-13101
10002200 (base 3) to base 8
4323
Convert -24736 (base 8) to base 6.
-121342
What is -1307 (base 8) in base 11?
-597
Convert a88 (base 12) to base 10.
1544
Convert -2011000 (base 3) to base 8.
-3036
-452551 (base 6) to base 12
-1a157
Convert 3042100 (base 5) to base 15.
eaa0
80b (base 12) to base 7
3251
What is 543a (base 13) in base 3?
121001201
-24140 (base 5) to base 15
-7ea
-335133 (base 6) to base 10
-28353
Convert 5848 (base 9) to base 2.
1000011110001
Convert -47d (base 16) to base 2.
-10001111101
What is 62 (base 11) in base 5?
233
-153 (base 14) to base 6
-1125
What is -538 (base 14) in base 5?
-13110
-552 (base 14) to base 3
-1102222
Convert -404404 (base 6) to base 2.
-111110101110100
Convert -44425 (base 6) to base 11.
-4735
What is -1112540 (base 6) in base 13?
-1c869
Convert 30020 (base 7) to base 15.
2212
-203 (base 9) to base 6
-433
-8265 (base 13) to base 11
-12581
What is -80 (base 15) in base 8?
-170
Convert 100100100011100 (base 2) to base 12.
a9b8
Convert -10274 (base 8) to base 12.
-2590
What is -12c (base 16) in base 5?
-2200
-52c2 (base 15) to base 9
-26012
Convert -143 (base 9) to base 16.
-78
Convert -97db (base 15) to base 9.
-48088
3298 (base 12) to base 3
21122222
What is 2010 (base 5) in base 11?
212
1a4 (base 16) to base 5
3140
What is -1081 (base 9) in base 6?
-3414
477 (base 15) to base 4
33310
Convert 3303333 (base 4) to base 5.
444430
Convert -100001000001111 (base 2) to base 11.
-11784
Convert -20563 (base 7) to base 10.
-5092
Convert -158a8 (base 14) to base 12.
-271b8
What is -41020 (base 5) in base 13?
-1279
What is -68404 (base 9) in base 2?
-1011000111010110
What is -11344 (base 5) in base 7?
-2322
What is 22101 (base 5) in base 9?
2075
880 (base 14) to base 2
11010010000
4376 (base 11) to base 13
281b
Convert 20230 (base 5) to base 14.
69d
3320 (base 5) to base 14
24c
What is 214236 (base 7) in base 11?
26202
Convert -9d6 (base 14) to base 7.
-5456
What is -13431 (base 5) in base 16?
-45c
What is -2632 (base 8) in base 6?
-10350
1be5 (base 16) to base 2
1101111100101
What is 3956 (base 11) in base 16?
1417
Convert -10000011101 (base 2) to base 16.
-41d
8674 (base 11) to base 2
10110010111111
What is -111021021 (base 3) in base 14?
-374d
What is -12465 (base 8) in base 7?
-21554
What is -143303 (base 6) in base 8?
-32627
Convert 631 (base 15) to base 7.
4033
-10016 (base 7) to base 3
-10022102
What is 301022 (base 4) in base 6?
22322
What is 11305 (base 14) in base 4?
22030121
-3300 (base 16) to base 15
-3d06
What is 5245 (base 7) in base 4?
130312
-215 (base 8) to base 4
-2031
What is -23 (base 15) in base 7?
-45
What is 2520 (base 7) in base 11?
78a
2212010 (base 3) to base 2
100000100010
920 (base 11) to base 2
10001010111
Convert 5a5 (base 13) to base 9.
1308
Convert 4024 (base 7) to base 16.
56e
What is -637 (base 10) in base 16?
-27d
What is -23043 (base 5) in base 2?
-11001110000
a6c9 (base 13) to base 4
11221231
Convert -211 (base 3) to base 11.
-20
What is -274 (base 8) in base 9?
-228
1307 (base 14) to base 6
23243
Convert -12663 (base 7) to base 3.
-11200220
Convert 325 (base 9) to base 12.
1a2
Convert -43 (base 10) to base 2.
-101011
Convert -1362 (base 9) to base 13.
-611
-21000 (base 5) to base 7
-4003
What is 30305 (base 6) in base 13?
1a8a
What is -4153 (base 6) in base 16?
-3a5
What is 9345 (base 10) in base 2?
10010010000001
Convert -2b6d (base 14) to base 7.
-31366
1279 (base 11) to base 3
2021110
What is -7642 (base 11) in base 5?
-310324
-1d5 (base 15) to base 14
-225
What is -1252 (base 9) in base 4?
-32222
What is -f8c (base 16) in base 3?
-12110102
4456 (base 7) to base 14
82d
-13f (base 16) to base 5
-2234
-a61 (base 11) to base 3
-1202022
-33333 (base 6) to base 3
-20101210
806 (base 12) to base 6
5210
Convert 1743 (base 11) to base 6.
14145
-27 (base 15) to base 10
-37
-11566 (base 7) to base 5
-44122
What is -1472 (base 15) in base 16?
-111e
What is 12023 (base 5) in base 7?
2406
-603 (base 14) to base 15
-539
-13210221 (base 4) to base 12
-15b49
Convert 27971 (base 10) to base 7.
144356
-109c (base 13) to base 11
-1825
What is -1240211 (base 5) in base 10?
-24431
What is -4341 (base 7) in base 12?
-a90
Convert 7ca (base 14) to base 7.
4343
What is -1568 (base 9) in base 8?
-2254
What is -102403 (base 6) in base 2?
-10000010100011
Convert 1468 (base 12) to base 2.
100101010000
What is 1134201 (base 5) in base 2?
101001010111000
-2561 (base 12) to base 5
-113444
What is 1920 (base 15) in base 14?
1d9c
What is -1eac (base 16) in base 12?
-4664
-3140 (base 5) to base 12
-2b0
-3629 (base 12) to base 11
-4629
What is -467 (base 8) in base 13?
-1ac
What is 2004 (base 9) in base 4?
112312
-859 (base 12) to base 5
-14341
-446 (base 10) to base 9
-545
Convert 235 (base 14) to base 9.
537
What is 11011110001 (base 2) in base 13?
a69
What is 232 (base 5) in base 9?
74
What is 4601 (base 8) in base 15?
ac3
Convert 6098 (base 13) to base 2.
11001111111011
Convert 1022 (base 8) to base 16.
212
Convert -2241 (base 5) to base 8.
-501
-377c (base 16) to base 6
-145432
What is -2740b (base 12) in base 15?
-110a5
4030 (base 7) to base 6
10241
What is 563 (base 14) in base 9?
1415
-1010101101 (base 2) to base 6
-3101
Convert 32023 (base 4) to base 9.
1217
153 (base 13) to base 12
179
Convert -1087 (base 12) to base 9.
-2454
What is 2274 (base 10) in base 3?
10010020
What is 23420 (base 5) in base 11?
1338
What i